-14 = k + 4*s. Let i be k/4*4/(-6). Suppose -22 = -i*b + b. What is the remainder when 32 is divided by b?
10
Let c = 0 - -2. Let f = -39 + 44. What is the remainder when f is divided by c?
1
Suppose -81*o = -84*o + 438. What is the remainder when o is divided by 39?
29
Let r = -24 - -37. Let w = r + -7. What is the remainder when 22 is divided by w?
4
Suppose 0 = -4*o - 2*h + 84, -2*o - 4*h = -4*o + 22. Calculate the remainder when 35 is divided by o.
16
Let o(z) = -z**2 - z + 14. What is the remainder when 1 - 0 - (1 + -55) is divided by o(0)?
13
Suppose -5*p = -2*b + 50, 3*p = -3*b - 2*p + 125. Calculate the remainder when b is divided by 9.
8
Let l = -4 - -14. Let f = 69 + -45. Suppose f = j - 5. What is the remainder when j is divided by l?
9
Let w(j) = -8*j - 5. Let t = -13 + 11. What is the remainder when 41 is divided by w(t)?
8
Let y be (3 + -111)/(-3)*1. Suppose v + t = 5*v - y, 3*v - 27 = -2*t. Let p = 13 + 13. Calculate the remainder when p is divided by v.
8
Let j(d) = 21*d**2 - 7*d - 3. What is the remainder when j(-1) is divided by (-1)/(1*-1)*9?
7
Let i = -57 - -64. Let t(d) = 11*d. Let y be t(3). Suppose y - 109 = -4*z. Calculate the remainder when z is divided by i.
5
Let i be 1 + 1/(1 - 0). Suppose 5*a - j = i*j + 20, 3*j - 20 = -5*a. Suppose -a*v = -33 - 27. What is the remainder when 28 is divided by v?
13
Let d = -66 + 92. Let x(c) be the second derivative of c**5/20 - c**4/2 + 7*c**3/6 - c**2/2 + c. Calculate the remainder when d is divided by x(5).
8
Suppose -2*d - 1 = -w, -2*d - w = -3 + 2. Suppose -2*t - 20 = -d*q + 4*q, -3*t = 5*q + 23. What is the remainder when 8 is divided by (q + 2)*6/(-10)?
2
Let d(b) = b**3 + b**2 + 10*b - 13. What is the remainder when d(5) is divided by 27?
25
Suppose 14*h - 21*h = -203. Calculate the remainder when h is divided by 15.
14
Suppose 4 = -2*y - 3*t - 14, -5*t - 10 = 0. Let o(z) = z**3 + 7*z**2 + 6*z + 9. What is the remainder when 17 is divided by o(y)?
8
Let s = -10 - -14. Suppose 3*x = y - 2*y + 29, -s*y + 4 = -2*x. Suppose 4*g - x = -0*g. What is the remainder when 2 is divided by g?
0
Let r = -2 - -6. Suppose 0 = 5*q - r*l - 38, -2*q = -l - l - 16. What is the remainder when q is divided by 4?
2
Suppose 3*l - 7*l = -80. Suppose -150 = -5*x + l. Let z = 2 + 10. Calculate the remainder when x is divided by z.
10
Let l(s) = -4*s**2 - 30*s - 5. What is the remainder when 61 is divided by l(-7)?
7
Suppose -2*u - t + 36 = 3*t, -4*u + 2*t = -52. What is the remainder when 24 is divided by u?
10
Suppose 2*u - 7*u = 40. What is the remainder when (-2*(-324)/u)/(-1) is divided by 21?
18
Let p(w) = 20*w - 1. Calculate the remainder when p(1) is divided by 11.
8
Suppose r = -0 + 3. Let o = -7 - -5. What is the remainder when 6 + 2*(1 + o) is divided by r?
1
Let d(q) = 34*q**3 - q**2. Let b = 34 + 31. What is the remainder when b is divided by d(1)?
32
Let x(k) = -8*k**3 + 2*k**2 + 2*k - 2. Let r be x(-2). Suppose -2*n = -r - 32. Calculate the remainder when n is divided by 26.
23
Let c = 10 - -4. Let v(q) = -q**3 - 4*q**2 - 3*q. Suppose -4*u - 10 = -2*u. What is the remainder when v(u) is divided by c?
12
Suppose -2*s + 31 = -15. Suppose 2*o - 118 + 28 = 0. What is the remainder when o is divided by s?
22
Suppose 0 = -f + 2*w - 2, -5*f - 2*w = 3*w - 20. Suppose 60 = f*a - 0*a. What is the remainder when a is divided by 16?
14
Let x(r) = -r. Let m be x(-2). Let a(o) = 2*o - 2. Calculate the remainder when a(m) is divided by 2.
0
Let s = 122 + -91. What is the remainder when s is divided by 9?
4
Let o = -16 - -24. Calculate the remainder when 30 is divided by o.
6
Suppose 0 = -5*i + 28 + 17. Suppose 2*m + 2 = 0, -4*v = -3*v + 4*m - i. Let w = v - 2. What is the remainder when 31 is divided by w?
9
Let f be (-28)/(-20) - (-3)/5. What is the remainder when 41 is divided by (f + (-8)/(-3))*3?
13
Suppose 12*z + 60 = 24*z. Calculate the remainder when 6 is divided by z.
1
What is the remainder when 16 is divided by 6/4 - 35/(-14)?
0
Calculate the remainder when 44 is divided by (23 + 1)*(-17)/(-34).
8
Suppose -5*c = -c + 4*f - 16, 4*f = -c + 1. Suppose 49 + 1 = c*q. Let s = q - 5. Calculate the remainder when s is divided by 3.
2
Suppose -8*v = -4*g - 3*v + 161, 3*v + 49 = g. Suppose -g = -2*j - 2*u, j - 3 = -2*u + 16. What is the remainder when 28 is divided by j?
13
Suppose -2*l - 3*j = -3*l + 27, 2*l + 3*j = 45. Let y = l + -15. Calculate the remainder when 43 is divided by y.
7
Let c(z) = -z**3 - 6*z**2 - 6*z - 4. Let v be c(-5). Suppose v = b - 12. What is the remainder when 37 is divided by b?
11
Let s = 23 - 8. Let g be (-690)/(-2)*6/15. Suppose g = 3*q - 3*c - 3, q - 39 = -c. What is the remainder when q is divided by s?
13
Let u = 189 - -118. Suppose 5*c = 13 + u. Calculate the remainder when c is divided by 17.
13
Let c = -1 + 15. Let z(n) = 3*n**2 - 3*n + 4. Let j be z(-6). Suppose -86 - j = -4*i. What is the remainder when i is divided by c?
12
Let n(q) = q**2 - 5*q - 1. Let j be n(5). Let b(z) = -z**3 + 5*z**2 - 4*z + 2. Calculate the remainder when (j/(1/(-3)))/1 is divided by b(4).
1
Let n(t) = -t**3 - 16*t**2 + t + 23. Let w = -2 + -14. Calculate the remainder when 19 is divided by n(w).
5
Suppose 3*o = -2*h + 13, -3*o - 3*h + 19 = 2*h. What is the remainder when 7 is divided by o?
1
Let z(n) = -2*n**2 + 43*n + 37. What is the remainder when 72 is divided by z(22)?
12
Suppose -2*m + 5*s = -165, 2*m + 7*s = 4*s + 157. Calculate the remainder when m is divided by 27.
26
Suppose -x = 5, 3*d = 4*d + 3*x - 30. What is the remainder when d is divided by 16?
13
Calculate the remainder when 35 is divided by 82/7 - (-8)/28.
11
Suppose 18 = a - 32. Suppose 3*o = -3*h - 26 + 86, 2*o - 22 = 4*h. What is the remainder when a is divided by o?
16
Suppose -r = -0*r - 15. Let t(c) = -6*c + 2. Suppose -2*i - i = -3*q - 9, 0 = -q + 4*i + 9. Calculate the remainder when t(q) is divided by r.
14
Suppose 4*x = -4*k + 64, 0 = -0*x + 4*x + 5*k - 67. Calculate the remainder when 50 is divided by x.
11
Suppose -v + 11 - 2 = 0. Suppose -2*o + 5 = -v. Suppose -o - 13 = -4*z. What is the remainder when 14 is divided by z?
4
Let j(y) = -2*y - 4. Let w be j(0). Let p(i) = -19*i**2 + i. Let z be p(-1). Let x = w - z. Calculate the remainder when x is divided by 9.
7
Let l = 15 - 1. Suppose -3*j + 1 = 2*v - 36, -j - v = -l. Calculate the remainder when 34 is divided by j.
7
Let k(o) be the first derivative of -2*o + 3/2*o**2 + 2. Calculate the remainder when k(6) is divided by 6.
4
Let u be (-54)/4 - (-2)/(-4). Let a be u/(-49) + (-66)/(-14). Let m = 19 + a. What is the remainder when m is divided by 13?
11
Let m = -18 - -35. Calculate the remainder when m is divided by 9.
8
Let t(h) = h**3 + 3*h**2 + h. Let m(r) = -r**3 + 15. Let j be m(0). Let d = j - 13. Calculate the remainder when t(-2) is divided by d.
0
Suppose -q + 6 - 1 = 0. Suppose -d + q*u + 5 = 0, u - 31 = -d - 2*d. What is the remainder when 27 is divided by d?
7
Let p(n) = -n**2 + 4*n + 4. Let l be p(4). Suppose 9 = 3*u + 3*y, u + 2*y - 6 = l*y. Suppose -5*o + u = -16. What is the remainder when 11 is divided by o?
3
Let s(c) = -c**3 - 2*c**2 - c. Let n be 3*8/12*9. Let k = n - -16. Calculate the remainder when k is divided by s(-3).
10
Suppose 0 = 3*a - 3 - 39. Let j = -87 - -128. What is the remainder when j is divided by a?
13
Let z = 2 - 4. Let v(i) = 13*i**2 - i. Calculate the remainder when v(z) is divided by 14.
12
Let b(z) be the first derivative of -5*z**4/2 + z - 1. Suppose 6*x = 2*x - f + 17, -2*x - f = -9. Calculate the remainder when b(-1) is divided by x.
3
Let h(t) = 3*t - 3. Calculate the remainder when 10 is divided by h(3).
4
Suppose -3*n - 2*n + 20 = 0. Let i = n - 3. Calculate the remainder when 1 is divided by ((-4)/12)/(i/(-3)).
0
Let l = -46 + 73. Let x(k) = 3*k**2 + 4*k - 12. Calculate the remainder when x(4) is divided by l.
25
Let g = 3 + 1. Suppose -g*c - c = 3*d - 18, -3*d + 18 = -4*c. Calculate the remainder when 22 is divided by d.
4
Let d = 138 + -40. Suppose 0 = 2*z + a - d, -3*z - a + 75 + 72 = 0. What is the remainder when z is divided by 26?
23
Calculate the remainder when (-328)/(-24) + (-2)/(-6) is divided by 3.
2
Suppose 4*d + 136 = 2*q - 0*d, 2*d + 136 = 2*q. Calculate the remainder when q is divided by 